q**2 + 66*q. What is the remainder when n(28) is divided by 12?
8
Let r be 1/((2/(-3))/(8/(-3))). Let g = 77 + -10. Suppose r*h - g = -27. Calculate the remainder when 38 is divided by h.
8
Let m be (-28)/(-2) - (5 - 3). Suppose 0 = 3*g - 0 - m. Let o = 130 - 115. What is the remainder when o is divided by g?
3
Let w = -3662 + 3783. What is the remainder when 3023 is divided by w?
119
Suppose v - 2*v - 68 = -4*q, 4*v - 8*v = -32. Let z(c) = -11*c + 6. Calculate the remainder when z(-8) is divided by q.
18
Suppose v - 7 - 196 = 0. Suppose 2*y + f = 4*f + 207, 2*y = -f + v. Let j(z) = -33*z - 403. What is the remainder when y is divided by j(-13)?
24
Let f = 4311 + -4208. What is the remainder when 602 is divided by f?
87
Let z(j) = 49*j - 11. Let h(b) = 24*b - 7. Let t(p) = 5*h(p) - 2*z(p). Calculate the remainder when t(3) is divided by (2/(-3))/(3/(-90)).
13
Let a = -82 + 392. What is the remainder when a is divided by 111?
88
Let o(i) be the third derivative of -i**6/120 - i**5/10 - i**4/6 + i**3/3 + 7*i**2 + 2. Calculate the remainder when o(-6) is divided by 5.
1
Let s(m) = -13*m - 27. Let x be s(-6). Let g = -8 + x. Calculate the remainder when g is divided by 24.
19
Let r = -10318 - -10335. What is the remainder when 1142 is divided by r?
3
Suppose 0 = -2*i + 2, 0 = 2*y + 3*i - 395 - 428. Calculate the remainder when 823 is divided by y.
3
Let d(u) = -7*u + 2. Let a be d(-2). Suppose -3*s + 47 = -a. Suppose 252*g + 125*g - 38454 = 0. Calculate the remainder when g is divided by s.
18
Suppose -5*o = -3*d - 814, 5*d + 5407 - 5253 = o. What is the remainder when 824 is divided by o?
4
Suppose -3*i + 4*i - 88 = 0. Suppose 3*w = 3*s + 661 - 646, -5*s = 3*w - 47. Calculate the remainder when i is divided by s.
0
Let t(p) = -p**3 + 6*p**2 - 2*p - 58. Let x be t(6). Let d = 143 - 238. Let w = x - d. Calculate the remainder when w is divided by 13.
12
Let d(m) = 41*m - 74. Let c(k) = k**2 - 5*k + 3. Let r be c(5). What is the remainder when (-522)/(-6)*1/r is divided by d(2)?
5
Suppose 3209 - 7061 = 5*i - 11*i. What is the remainder when i is divided by 248?
146
Let x(b) = -6*b + 15. Let m be x(6). Calculate the remainder when 5 + 4/((-28)/m) is divided by 48/20 + 4/(-10).
0
Suppose 273 = 3*a + 4*k, 5*a + 9*k + 455 = 10*a. Calculate the remainder when 1636 is divided by a.
89
Let h(w) = 261*w - 3022. Suppose 5*s - 2*a + a = 116, 0 = -2*a - 2. What is the remainder when h(12) is divided by s?
18
Let u be 2/(3*2) + (-5)/15. Suppose u = 73*i - 79*i + 168. What is the remainder when i is divided by 6?
4
Let w be (-2 - -1)*(1 - 120). Suppose -13*y + 14*y = w. What is the remainder when y is divided by 60?
59
Let t = -17457 - -18110. What is the remainder when t is divided by 113?
88
Suppose -2*s + 1 = -3*q, -2*s + 3*q + 29 = -4*s. Let l(t) = t**2 - 13*t - 67. Calculate the remainder when l(s) is divided by 2 + 0 + 23 - 0.
23
Let n(w) = -2*w**3 - w**2 + 97*w - 99. Calculate the remainder when n(-12) is divided by 32.
1
What is the remainder when (2 + 35/(-14))*4 + 434 is divided by 136?
24
Suppose 0 = -206*u + 207*u + 4*t - 130, 4*u - 4*t = 600. What is the remainder when 755 is divided by u?
25
Let o = 11143 + -11081. What is the remainder when 3650 is divided by o?
54
Suppose 4*v = -304 + 296, -4*x - 4*v + 140 = 0. Calculate the remainder when 471 is divided by x.
27
Suppose -34655 = 25*u - 48630. What is the remainder when u is divided by 552?
7
Let g(w) = w**3 - 21*w**2 + 41*w - 54. Let y be g(19). Suppose -2*z = -y*f + 8 + 39, 7 = f - 5*z. What is the remainder when 51 is divided by f?
0
What is the remainder when 6647 is divided by (-225453)/(-1338) - (-26)/4?
172
Let q = 12529 + -10982. What is the remainder when 1558 is divided by q?
11
What is the remainder when 378*((-6)/(-14) + 88*(-9)/(-504)) is divided by 751?
5
Let d(p) = -4*p**3 - 2*p**2 - 10*p - 18. What is the remainder when 2649 is divided by d(-2)?
23
Suppose -12*q + 6*q = -10*q + 5036. Calculate the remainder when q is divided by 63.
62
Suppose -5*q = a + 4, 34 + 34 = -2*a + 5*q. Let f(x) = 253 + 3*x - 5*x - 46 - 78 - 51. What is the remainder when f(a) is divided by 26?
22
Suppose 0 = -5*k + d + 665, 6*d = 2*d. Let z = 1478 - 1438. What is the remainder when k is divided by z?
13
Let o(j) = -127*j + 484. Calculate the remainder when o(3) is divided by 99.
4
Suppose -9*a = a - 60. Suppose -a*i = -284 + 140. Let y = 47 + -33. Calculate the remainder when i is divided by y.
10
Let n(r) = 11*r + 50. Let d be n(14). Let v = d + -194. Calculate the remainder when 99 is divided by v.
9
Let x(q) be the third derivative of -7*q**4/6 + 82*q**3/3 + 11*q**2. Calculate the remainder when x(4) is divided by 6.
4
Let g = 2459 - 2349. What is the remainder when 482 is divided by g?
42
Let c = 23031 + -22144. What is the remainder when c is divided by 133?
89
Suppose -13 = 18*i - 534 - 343. Calculate the remainder when i is divided by 14.
6
Let b be 9/(-1) + (-2)/(-2). Let h(g) = -g**2 - 4*g + 94. Let i(m) = 20. Let n(a) = -h(a) + 4*i(a). Calculate the remainder when 87 is divided by n(b).
15
Let h be -5 + 4 + (-28)/2. Let m be 5*(3 + (-33)/h). Suppose -5*g = -m - 4. Calculate the remainder when g is divided by 3.
0
Suppose -3*n - 6*v + 35 = -8*v, -3*n - 10*v = -131. What is the remainder when 1166 is divided by n?
10
Suppose -73*d + 2716172 - 11864 = 3*d. What is the remainder when d is divided by 64?
63
Let u = 10 - -5. Calculate the remainder when u is divided by (-12)/132*-99*2*(-1)/(-3).
3
Suppose 0 = -4*v + 23 + 49. Let k = 8917 + -8524. What is the remainder when k is divided by v?
15
Calculate the remainder when 65 is divided by -14 - (-440)/(-15 - -25).
5
Let h = -226 - -277. Calculate the remainder when 189 is divided by h.
36
Let l(n) = n**3 + 8*n**2 - 51*n + 6. Let k = 465 + -449. Calculate the remainder when l(5) is divided by k.
12
Let j = 1796 - 1603. Calculate the remainder when j is divided by 8.
1
Let w = -1730 + 2925. Calculate the remainder when w is divided by 120.
115
What is the remainder when (2 + 64/(-20))*1415/(-3) is divided by 111?
11
Let d = -796 - -790. Suppose 12 = 4*j + 2*h, -3*h = 5*j + 5 - 18. What is the remainder when (-1 - d)/((-5)/(-38)) is divided by j?
3
Let r be ((-1)/(-2) - 2)*-2. Suppose 0 = r*b + 5*b. Suppose b = -4*c - w + 211, 2*c + 50 - 183 = 5*w. What is the remainder when c is divided by 15?
9
Calculate the remainder when 946 is divided by (-100)/11*198/(-36).
46
Suppose -8*m + 1364 + 4274 = 1446. What is the remainder when m is divided by 17?
14
Let l = -225 - -219. Let n(v) = 28*v + 217. Calculate the remainder when n(l) is divided by 10.
9
Suppose -6*h - 234 = -12*h. Let p be 741/(-9)*1 - (-8)/6. Calculate the remainder when h is divided by p/(-2)*(-10)/(-15).
12
What is the remainder when 456 is divided by (-1 - (0 + -8)) + (-132)/(-12) + -7?
5
Let u(j) = 41 + 93 + 119 - 8*j - 18*j - 44. Calculate the remainder when 53 is divided by u(7).
26
Let p = -12 - -14. Suppose -4*i = 3*u - 59, -u - p = 1. Suppose -q + 2*c = -i, 0*c = 5*q - c - 112. Calculate the remainder when q is divided by 6.
5
Suppose 3291*l = 3284*l + 2240. Let b = -12 + 29. What is the remainder when l is divided by b?
14
Suppose 4*j - 30 = 5*j. Suppose 0*z + 8 = 5*z - 4*g, -4*z = 2*g + 4. What is the remainder when 5 is divided by (1 + z)/((-10)/j)?
2
Let p(s) be the third derivative of -s**5/30 + 7*s**4/2 - 121*s**3/3 + s**2 + 29. Calculate the remainder when 81 is divided by p(38).
19
Let m(x) = x**2 - 18*x - 109. Calculate the remainder when 161 is divided by m(23).
5
Suppose 95*w = 88*w - 616. Calculate the remainder when (1489/(-4))/(-1) - (-22)/w is divided by 15.
12
Calculate the remainder when 242 is divided by -5*1/(-1 - 1)*(-3328)/(-130).
50
Suppose 0 = -18*d + 3388 + 1652. Calculate the remainder when d is divided by 74.
58
Suppose -2*w = -5*c + 349, 4*c + 325 = -2*w + c. Let i = w - -182. What is the remainder when 71 is divided by i?
11
Suppose -27*q + 13*q + 14240 = 2*w, q - 1020 = -3*w. Calculate the remainder when 3058 is divided by q.
7
Suppose 148*b = 46*b + 52734. What is the remainder when b is divided by 139?
100
Suppose z - 72 = -3*i, -2*i + 3*z = -26 - 22. What is the remainder when 139 is divided by i?
19
Let p(y) = 3*y**2 - 21*y + 8. Let z be p(9). Let